
Let m(f) = -f**3 + 30*f**2 - 118*f - 673. Determine m(24).
-49
Let u(g) = -410*g - 470. Calculate u(-1).
-60
Let k(m) = 183*m + 2233. What is k(-18)?
-1061
Let w(u) = 22225*u - 5978534. Calculate w(269).
-9
Let i(b) = -3828*b - 2676. Determine i(0).
-2676
Let r(y) = 18*y**2 - 629*y - 86. What is r(35)?
-51
Let j(v) = -2*v**3 + 9*v**2 + 38*v - 423. Give j(6).
-303
Let h(j) = 2*j**3 + 187*j**2 + 3423*j - 44. Give h(-25).
6
Let r(n) = 159*n**2 + 2114*n + 2512. What is r(-12)?
40
Let i(r) = -26351*r + 632411. Determine i(24).
-13
Let q(u) = -2*u**3 - 494*u**2 - 1487*u - 65. Give q(-3).
4
Let z(x) = -x**2 - 216*x - 2363. Calculate z(-12).
85
Let a(h) = -h**3 + 1244*h**2 - 169*h + 210242. Calculate a(1244).
6
Let w(m) = -7319*m - 190301. Determine w(-26).
-7
Let b(j) = j**3 + 1257*j**2 + 33185*j - 662. What is b(-27)?
13
Let q(k) = -2454*k - 48295. Determine q(-20).
785
Let b(p) = 9221*p - 9. What is b(0)?
-9
Let q(u) = -166*u - 1388. Calculate q(0).
-1388
Let c(b) = -16658*b + 183552. Determine c(11).
314
Let d(u) = 2*u**2 - 2391*u + 70074. Give d(29).
2417
Let j(d) = -7989*d - 11600025. Give j(-1452).
3
Let k(d) = 3*d**2 - 28*d - 21714. Calculate k(90).
66
Let b(i) = 160*i - 7695. Determine b(53).
785
Let x(a) = 24*a**3 - 338*a**2 - 27*a + 455. What is x(14)?
-315
Let d(i) = -2580*i - 10225. Give d(-4).
95
Let t(b) = 8030*b - 1533740. Calculate t(191).
-10
Let q(j) = -j**3 - j**2 + 1270*j - 2519. Give q(2).
9
Let m(o) = -41*o**2 - 627*o - 1180. Give m(-13).
42
Let h(w) = w**3 - 41*w**2 - 434*w + 302. Determine h(49).
-1756
Let i(v) = -3*v**2 - 216*v - 2715. Determine i(-54).
201
Let s(j) = j**3 - 129*j**2 + 134*j - 1380. Give s(128).
-612
Let h(i) = 10*i**2 - 25*i - 732. Give h(11).
203
Let n(p) = -p**3 - 135*p**2 + 1410*p - 5778. Determine n(-145).
22
Let v(i) = -i**3 + 59*i**2 + 38*i + 13510. Calculate v(63).
28
Let b(n) = -3262*n**2 + 303368*n - 178. Determine b(93).
8
Let k(f) = -9*f**2 + 1515*f - 9193. Calculate k(162).
41
Let w(z) = -9*z**3 - 484*z**2 + 299*z + 191. Determine w(1).
-3
Let x(d) = -d**2 - 302*d - 17675. Give x(-77).
-350
Let a(x) = 383*x - 30324. Determine a(79).
-67
Let w(j) = 2599*j + 9244. What is w(-3)?
1447
Let t(u) = -2*u**3 - 85*u**2 + 1014*u + 113. Give t(11).
-1680
Let a(y) = -3*y**2 + 4290*y - 72729. Give a(17).
-666
Let m(k) = -4*k**2 + 62*k + 3946. Give m(-22).
646
Let j(o) = -94*o**2 + 469*o - 50. Determine j(5).
-55
Let v(u) = -1233*u - 16312. Give v(-14).
950
Let w(g) = 1021*g + 21391. Calculate w(-21).
-50
Let j(n) = n**2 - 1238*n - 38036. Determine j(-30).
4
Let g(d) = -36*d**2 + 2981*d + 87. Give g(83).
-494
Let l(k) = -141*k + 259. Calculate l(-3).
682
Let w(c) = 58*c**3 + 2*c**2 + 22*c + 22. Determine w(-1).
-56
Let m(z) = 2439*z - 85679. Determine m(35).
-314
Let s(z) = -640*z**3 + 2*z**2 + 137*z + 136. What is s(-1)?
641
Let k(j) = 4658*j - 9323. Calculate k(2).
-7
Let z(g) = 771*g - 5395. Give z(7).
2
Let i(z) = -139*z**3 + 117*z**2 + 359*z - 1. Determine i(-3).
3728
Let n(r) = 164*r - 154. Calculate n(1).
10
Let l(i) = -i**3 + 336*i**2 + 441*i - 35177. Give l(337).
-129
Let n(t) = -t**2 + 20824*t + 41645. Determine n(-2).
-7
Let f(p) = 15*p**2 + 103*p + 1287. Give f(-16).
3479
Let s(k) = -19*k**2 - 1126*k - 14. What is s(-59)?
281
Let s(n) = -8856*n + 10396939. Determine s(1174).
-5
Let c(s) = -3*s**2 - 4942*s - 9872. What is c(-2)?
0
Let g(u) = u**3 - 31*u**2 - 3072*u + 19281. Calculate g(6).
-51
Let b(w) = -307*w**2 + 5218*w + 24. What is b(17)?
7
Let q(z) = 3*z**2 + 323*z + 1651. Calculate q(-102).
-83
Let w(a) = -2*a**3 + 93*a**2 - 74*a + 1251. Give w(46).
-37
Let g(v) = -10*v**2 - 1046*v + 98700. Determine g(60).
-60
Let i(b) = b**3 - 15*b**2 - b + 43. Calculate i(12).
-401
Let b(r) = -2*r**2 - 1814*r + 2140275. Determine b(-1583).
59
Let w(z) = 46*z**3 + 3*z**2 - 24*z - 67. Calculate w(-2).
-375
Let r(y) = 5*y**2 - 101*y - 468. Give r(-4).
16
Let w(l) = 519*l**3 + 37887*l**2 - 3*l - 300. Calculate w(-73).
-81
Let u(k) = 2*k**2 + 597*k - 7. What is u(0)?
-7
Let t(v) = v**3 - 37*v**2 - 79*v + 644. What is t(41)?
4129
Let x(n) = 175*n + 11388. Determine x(-64).
188
Let r(m) = 2*m**3 - 18*m**2 - 466*m + 4560. Give r(10).
100
Let k(i) = -i**3 - 739*i**2 - 1493*i - 557192. Give k(-738).
-2
Let i(w) = 298493*w + 24774915. Calculate i(-83).
-4
Let n(t) = 2*t**2 - 2079*t + 8258. Give n(4).
-26
Let x(a) = -2664*a - 45291. Determine x(-17).
-3
Let p(m) = -5508*m - 253350. Calculate p(-46).
18
Let f(b) = 875*b + 6452. What is f(-8)?
-548
Let x(l) = 35*l - 806. Determine x(9).
-491
Let j(p) = 28869*p + 28875. Determine j(-1).
6
Let r(b) = -173*b**2 - 1926*b - 3361. Determine r(-9).
-40
Let h(t) = -3496*t - 443990. Determine h(-127).
2
Let r(d) = -5*d**2 - 573*d - 12899. What is r(-84)?
-47
Let p(l) = -9*l**2 - 523*l - 1233. Calculate p(-55).
307
Let u(v) = 29*v**2 - 1492*v + 457. Calculate u(51).
-206
Let x(s) = -13*s**3 - 7891*s**2 + 39*s + 23646. Calculate x(-607).
-27
Let q(r) = -21*r**2 + 235*r + 1279. What is q(-4)?
3
Let x(g) = -6*g**3 - 242*g**2 - 2187*g + 373. Give x(-14).
23
Let g(a) = 2*a**2 + 230*a - 62947. Determine g(-244).
5
Let l(j) = 3698*j + 123082. Calculate l(-33).
1048
Let t(z) = 30*z**2 + 1812*z + 3499. Calculate t(-2).
-5
Let p(r) = -r**3 - 4*r**2 - 61*r - 464. What is p(-8)?
280
Let f(j) = 24048*j - 264489. Give f(11).
39
Let j(s) = s**2 - 556*s + 24843. Give j(49).
0
Let b(n) = -57*n**3 + 9803*n**2 + 246*n - 12709. Give b(172).
19
Let g(q) = -166*q - 1137. Determine g(-23).
2681
Let k(u) = 2*u**3 - 301*u**2 - 1793*u + 247933. Calculate k(151).
-9
Let h(m) = m**3 - 97*m**2 + 1654*m - 83849. Calculate h(89).
-11
Let m(n) = -1907*n - 350948. Determine m(-184).
-60
Let r(i) = -8905*i + 169183. Calculate r(19).
-12
Let n(p) = p**2 - 29*p + 139. Give n(33).
271
Let w(x) = -268*x - 8811. What is w(-33)?
33
Let r(l) = -2*l**3 + 18*l**2 - 62*l. Determine r(10).
-820
Let n(r) = -78*r**2 - 11310*r + 42. Determine n(-145).
42
Let c(f) = -3*f**3 + 52*f**2 + 65*f - 583. Calculate c(18).
-61
Let x(p) = -11*p**3 - 122*p**2 - 34*p - 15. Determine x(-11).
238
Let z(f) = 115*f + 6890. Determine z(-59).
105
Let c(v) = -1613*v + 2566278. What is c(1591)?
-5
Let i(b) = -25*b**2 - 272*b - 43. Determine i(-11).
-76
Let z(y) = 110*y + 5175. Calculate z(-49).
-215
Let j(a) = a**2 - 15385*a - 107752. Give j(-7).
-8
Let x(h) = h**3 - 14*h**2 + 110*h - 2258. Give x(16).
14
Let a(h) = -1014*h + 162194. Calculate a(160).
-46
Let g(m) = -59*m**2 + 205*m + 67. Give g(6).
-827
Let d(a) = 25*a**2 - 449*a - 304. Determine d(8).
-2296
Let o(p) = 4403*p + 1902135. Give o(-432).
39
Let q(s) = 4414*s - 1024058. What is q(232)?
-10
Let f(w) = 170*w**2 + 69*w - 24. Calculate f(-5).
3881
Let m(i) = 4625335*i + 37002676. What is m(-8)?
-4
Let d(b) = 260*b - 16543. What is d(64)?
97
Let p(b) = -b**3 + 12*b**2 + 139*b - 1241. Give p(8).
127
Let w(v) = -40466*v - 687746. Give w(-17).
176
Let c(q) = -97876*q + 685149. Determine c(7).
17
Let n(m) = -2*m**2 + 99*m - 1043. Calculate n(38).
-169
Let x(g) = 92*g + 11110. What is x(-107)?
1266
Let v(p) = p**3 - 957*p**2 - 16573*p + 14513. Calculate v(974).
-97
Let b(s) = -1195*s - 40645. What is b(-34)?
-15
Let a(y) = -39*y**2 - 1791*y - 1297. Calculate a(-45).
323
Let s(x) = 8478*x - 127217. Give s(15).
-47
Let c(r) = -32397*r - 324342. Determine c(-10).
-372
Let w(o) = -o**3 - 21*o**2 - 44*o + 474. Determine w(-14).
-282
Let t(p) = 14044*p - 182561. Give t(13).
11
Let r(z) = -252135*z - 504268. Determine r(-2).
2
Let q(j) = 12*j**3 + 199*j**2 + 516*j + 10226. Determine q(-17).
9
Let u(r) = -208*r**3 + 2*r**2 + 7*r + 3. Give u(-1).
206
Let d(k) = k**3 + 47*k**2 - 8005*k + 73. Calculate d(69).
4
Let b(f) = f**2 + 314*f - 119645. Calculate b(224).
867
Let y(l) = -2873*l - 44330. Determine y(-16).
1638
Let m(z) = -2*z**2 + 97*z - 1277. What is m(28)?
-129
Let h(b) = -b**3 + b**2 + 375*b + 15. Determine h(20).
-85
Let d(r) = -2669*r + 9428. What is d(3)?
1421
Let z(i) = -6*i**2 - 1209*i - 6482. Give z(-196).
-14
Let a(b) = -176*b**2 + 1352*b - 835. Calculate a(7).
5
Let a(n) = 57*n**2 - 355*n + 184. Give a(5).
-166
Let d(r) = -534*r - 35428. What is d(-67)?
350
Let z(f) = -f**3 + 31*f**2 - 83*f + 970. Calculate z(13).
2933
Let p(z) = -2*z**3 - 43*z**2 + 2986*z - 1173. Give p(-51).
0
Let